ppose 3*y + t = -16, 2*t + 26 = -4*y + 4. Suppose -2*b + 3*l + 4 = 0, 5*l + 19 = -3*b + 44. What is the tens digit of (-82)/(b/y) - -4?
8
Suppose -10*l + 11*l - 3701 = w, 0 = -9*l - w + 33389. What is the thousands digit of l?
3
Let m(a) = 31*a - 14*a + a**2 + 48 - 11*a - 14*a. What is the units digit of m(22)?
6
Let n be (1 + 115)/(5/(150/12)). Let k = n + -110. Let r = k - 68. What is the tens digit of r?
1
Let f(q) = -q**2 + 6*q - 1. Let c be f(5). Suppose 0 = -5*n + 2007 - 142. Suppose -3*t = -4*b + n, 3*t - 500 = -9*b + c*b. What is the tens digit of b?
9
Let z(w) = -59*w**3 - w**2 + 12*w - 14. What is the tens digit of z(-4)?
9
Let x = 68 - 64. Suppose 2*a + 0 = -k + 2, x*k - 4*a - 8 = 0. Suppose 5*j - 797 = -3*m, -2*m - 99 = -k*j + 207. What is the units digit of j?
7
Suppose 6*k = 4*u + 3*k + 12, u - 3*k = 6. Let w be 13/4 + (u/6)/4. What is the tens digit of 3*(70/w - -1)?
7
What is the thousands digit of ((-45)/(-1) - -1)/(42/5523)?
6
Let k = -45 - -49. Suppose -102 = 2*w + k*l, 0*l + 56 = -w - l. Let t = w + 91. What is the units digit of t?
0
What is the tens digit of (-105)/28*83968/(-24)?
2
Let h(c) be the third derivative of 7*c**4/4 + 5*c**3/2 + 9*c**2. Let x be h(14). Let r = x + -393. What is the hundreds digit of r?
2
Suppose 0 = 4*i - y - 270, 2*y + 70 = 5*i - 266. Let s = 68 - i. Suppose s = 5*w - 14*w + 648. What is the tens digit of w?
7
Let o(p) = 3*p**2 + 38*p - 1. Let f be o(-13). Suppose -f*l + 1675 - 199 = 0. What is the units digit of l?
3
Let b be 2/(2/7) + (97 - 100). What is the hundreds digit of b/38 - 416262/(-627)?
6
Let r(x) = -x**2 + 6*x + 226. Suppose -3*m + 4 = -d - 4*m, 0 = -5*d - m - 4. What is the tens digit of r(d)?
2
Let j(d) = 10*d - 44. Let i be j(16). Let r = i + -114. Suppose -3*q = -r*n - 575, -q - 3*n + 990 = 4*q. What is the tens digit of q?
9
Let i(a) = -47*a - 27. Let z(p) = -2*p**3 + 13*p**2 + 10*p - 9. Let m be z(7). Let v be 3/(m/16) + -9. What is the hundreds digit of i(v)?
2
Suppose -2*d - 3 = d, -2*g + 535 = -5*d. Let v = g - 170. Suppose 0*k - k = -v. What is the tens digit of k?
9
Suppose 0 = -30*s + 37*s + 21. What is the tens digit of s*(-6)/135 + (-7278)/(-90)?
8
Suppose -3*f + 1467 = r - 173, 4*f - 4*r = 2192. Let g = -237 + f. What is the hundreds digit of g?
3
Suppose 48956 = 5*u + 4*x, 4*u + 21*x - 39160 = 19*x. What is the thousands digit of u?
9
Suppose -3*w + 23 = 4*g, 15*g - 13*g + 5*w = 15. What is the units digit of (2/(-4))/(g/(-740*1))?
4
Suppose 75*q - 76*q - 3*p + 31012 = 0, 0 = -p - 2. What is the hundreds digit of q?
0
Suppose -33411 = -24*o - 1179. What is the thousands digit of o?
1
Let w(q) = 6*q**2 - 8*q. Let a be w(7). Suppose 5*b - 1571 = u, u = -b + 81 + a. What is the hundreds digit of b?
3
Let y(z) = z**3 + 25*z**2 - 25*z + 1. Let k be y(-26). Let i = -20 - k. Suppose -i*m + m - s = -622, 3*m = -5*s + 475. What is the tens digit of m?
5
Suppose 0 = 3*t + 17*v - 20*v - 9, 0 = -3*t - 4*v + 9. What is the tens digit of ((-21)/(-14))/(t/258)?
2
Let v(b) be the third derivative of b**6/60 - b**5/10 - b**4/4 + 2*b**3/3 - 2*b**2. Let m = 1582 - 1577. What is the tens digit of v(m)?
7
Suppose -66*j + 3526369 = 221*j. What is the ten thousands digit of j?
1
Let s(v) = 11 - 16 - 6 + 9*v. What is the units digit of s(8)?
1
What is the thousands digit of (15 - (-1854)/(-126)) + 91304/14?
6
Let q = -662 + 665. Let w(g) = 23*g**3 - 3*g**2 + 10*g - 5. What is the hundreds digit of w(q)?
6
Let c be (-6)/(-10) - 12/(-5). What is the tens digit of 100 + 12 + 1 + -1 - c?
0
Let h = 15950 + -11253. What is the hundreds digit of h?
6
Let a = -83575 + 157122. What is the tens digit of a?
4
Let p(w) = -15*w + 4. Let h be p(-3). Let d = 51 - h. What is the tens digit of (-4)/(d + -1) - -103?
9
Let i(z) = -233*z + 645. What is the thousands digit of i(-7)?
2
Suppose 0 = -4*h + 4 + 52. Let v = 20 + -5. Let d = v - h. What is the units digit of d?
1
Let g(x) = -68*x - 176. Let c be g(8). Let p = 1378 + c. What is the tens digit of p?
5
Let c = 747 + -698. Suppose -29*b - 25180 = -c*b. What is the hundreds digit of b?
2
Suppose 60850 - 928144 = -225*i + 514656. What is the thousands digit of i?
6
What is the units digit of 5/(160/(-24)) + 307782/8 + 5?
7
Let v(o) = -o**3 + 12*o**2 + 8*o - 2. Suppose 9 = 11*w - 79. What is the units digit of v(w)?
8
What is the thousands digit of ((-26674694)/905)/((-4)/10)?
3
Let p(q) = 5*q - 35. Suppose b + c - 6 = 0, -5*b = c - 5 - 33. Let t be p(b). Suppose -950 = -5*u - h, t*u - 8*h + 3*h = 920. What is the tens digit of u?
8
What is the units digit of (5 + (-270)/24)/((-1)/296)?
0
Let u be -4 + (-125)/(11 - 6). Let r(w) = -w**3 - 26*w**2 + 79*w + 8. What is the units digit of r(u)?
0
Suppose 17441*z = 17416*z + 100575. What is the units digit of z?
3
Let q be 0*(-3 + 8/3). Suppose q = -6*y + y - 225. What is the units digit of 423/45 + 3*6/y?
9
Let i be 1854/4*(-8)/12. Let u = -92 - i. What is the tens digit of u?
1
Let r(h) = 2106*h - 13499. What is the thousands digit of r(32)?
3
Suppose 2*p - 65 = -u, p + 9 = -4*u + 24. Let c = p - 45. What is the hundreds digit of (256/c)/(2/(-10))?
1
Suppose 226*g - 227*g = -478. Let o = 655 - g. What is the units digit of o?
7
Suppose -12854 - 9668 = -52*d - 4946. What is the hundreds digit of d?
3
Suppose -2*k = -5*s + s + 12406, -6*s - 3*k + 18639 = 0. What is the hundreds digit of s?
1
Let b = -19364 + 30621. What is the hundreds digit of b?
2
Suppose 0 = 2*c + 5*j - 21083, 5*j + 16098 + 36662 = 5*c. What is the thousands digit of c?
0
Suppose 0 = 3*u + 4*s + 1333, -u + 2*s = -3*s + 476. Let p = u + 750. What is the hundreds digit of p?
2
Let r(y) = y**3 + 2*y**2 - y + 7. Let g be r(6). Let a = g - -207. What is the tens digit of a?
9
Let n(l) = -l**3 + 4*l**2 + 20*l + 3. Let i be n(11). Let u = i + 995. What is the units digit of u?
1
Suppose -f + 47 = -r, 4*f + 3*r + 0*r = 202. Let p = -48 + f. What is the units digit of 94*p/10*5?
7
Let m(q) = -84*q + 66. Let f(t) = -83*t + 67. Let y(z) = -5*f(z) + 4*m(z). What is the tens digit of y(3)?
6
Let f = 18 - 13. Let r = -655 + 665. Suppose -2*x = -r, -3*x - 1705 = -f*b - 410. What is the tens digit of b?
6
Suppose 0 = 4*p + 6*p - 2180. Let k = p - -89. What is the hundreds digit of k?
3
Suppose 4*y - 1 = 43. Suppose -y*j + 5*j + 60 = 0. What is the units digit of (-5)/(-25) - (-628)/j?
3
Let v = -129056 + 186536. What is the ten thousands digit of v?
5
Let n(u) = 28*u - 2*u + 41*u - 5 - 14*u. Let t be n(5). Suppose t = 8*o - 3*o. What is the tens digit of o?
5
Let k(n) = -14 + 20*n**2 - 5*n + 3 + 7*n + 2*n. What is the units digit of k(4)?
5
Let k(b) = -4*b - 28. Let o(a) = 3*a + 16. Let g be o(24). Let n(r) = 1. Let u(j) = g*n(j) + 2*k(j). What is the units digit of u(-5)?
2
Let k = 167 + -119. Let l = -44 + k. Suppose -l*p + 11 + 12 = -s, 1 = s. What is the units digit of p?
6
Let u be (-15)/10*1/(3/1990). Let o = 1695 + u. What is the units digit of o?
0
Let i = 38072 + -19697. What is the tens digit of i?
7
Suppose 3*l + 2 = -7. Let g(z) = 24*z**2 - 5*z**2 - 13 - 8*z - 9*z**2. What is the tens digit of g(l)?
0
What is the units digit of ((-178905)/(-40) - -3) + (-27)/(-72)?
6
Let i = 43 - -11. Let r = i + 128. What is the units digit of r?
2
Suppose -3*k = -2*j + 820 - 17183, -5*j - 27275 = -5*k. What is the thousands digit of k?
5
Let i(w) = -2*w**3 + 63*w**2 - 11*w - 28. What is the units digit of i(22)?
6
Let k = -5097 - -7939. What is the units digit of k?
2
Let f(a) = 2*a + 16. Suppose 3*i + 28 = 1. Let x be f(i). What is the tens digit of 350/4 + (x - (-9)/6)?
8
Suppose -2*o = -5*o - 24. What is the units digit of 12/o + ((-767)/2)/(-1)?
2
Let j be (3 - (2 - 1)) + -31 + 192. Let h = 181 - j. What is the units digit of h?
8
Suppose 0 = -4*g + 1058*o - 1056*o + 176228, -5*g = -2*o - 220286. What is the tens digit of g?
5
Let d(p) be the second derivative of 34*p**3/3 - 86*p**2 - 27*p. What is the units digit of d(9)?
0
Let y(o) = 2*o**3 + 12*o**2 + 40*o - 125. What is the thousands digit of y(13)?
6
Let r(l) = -2*l**3 + 3*l**2 - 11*l - 24. Let a be r(10). Let j = 678 + a. What is the hundreds digit of (-5)/(-15) + j/(-6)?
1
What is the tens digit of (22 - 0)*3/((-12)/(-26))?
4
Let y(g) = -4*g + 10. Let d be y(2). Let w be (24/(-60))/(d/(-20)). 